et s be (-4)/12 - (-16)/3. Let q = -3 + s. What is the greatest common divisor of q and 10?
2
Suppose -4*s = -2*s - 66. Calculate the highest common divisor of 3 and s.
3
Suppose 24 + 64 = 2*s. What is the highest common divisor of s and 11?
11
Let y be ((-15)/(-12))/(2/(-8)). Let a be (1 + -16)*12/y. Let g(x) = x**3 - 4*x**2 - x + 4. Let j be g(5). Calculate the highest common divisor of a and j.
12
Let k = 96 + -33. What is the greatest common divisor of 42 and k?
21
Suppose -3*n - 22 = -4*n + 5*w, 2*n = 4*w + 20. What is the highest common divisor of n and 6?
2
Suppose 2*i - 196 = r, 0*i + r = 4*i - 394. Calculate the highest common divisor of 33 and i.
33
Let r(q) = 41*q**2 + q - 2. Let t be -5 + 6 + -2 + -1. Let k be r(t). Calculate the greatest common factor of 20 and k.
20
Let w = 40 - 33. Calculate the greatest common factor of 63 and w.
7
Let z(m) = m + 16. Let t be z(11). What is the highest common divisor of 3 and t?
3
Let z(l) = -l**3 + 4*l**2 + 5*l - 5. Let d be z(4). Suppose -s + 2*s - 4*t = -4, d = 5*t. What is the highest common factor of s and 4?
4
Suppose -h - 5 = 0, w - 2*h - 24 = 26. Calculate the greatest common divisor of w and 16.
8
Suppose 5*g = -v + 91, -g + 19 = -0*g + v. Calculate the greatest common divisor of g and 18.
18
Let g(j) = 4*j**2 + 24*j - 18. Let i be g(-8). Calculate the greatest common factor of i and 69.
23
Let n(o) = 4*o**2 + 11*o + 22. Let f be n(-6). What is the greatest common factor of 40 and f?
20
Suppose -2*b + 34 = -4*b. Let s = 69 + b. Calculate the highest common factor of s and 13.
13
Suppose 2*s = 23 + 1. Calculate the greatest common divisor of s and 108.
12
Let w be 9/(-2)*(-8)/6. Let b = 9 - 20. Let u = b + 23. Calculate the highest common divisor of u and w.
6
Let d(n) = -n + 25. Let r be d(18). What is the greatest common factor of r and 63?
7
Suppose 0 = -3*v - v + 20. Let n(k) = -k + 7. Let u be n(v). Let c be (u/4)/(5/60). What is the highest common divisor of 66 and c?
6
Suppose -n - n + 54 = 0. Calculate the highest common factor of n and 9.
9
Let j be 3/5*(2 - -3). Suppose j*t = -4*l + 70, 2*t + 5*l = 3*t - 17. Suppose -5*u = -2*u - 6. Calculate the greatest common divisor of t and u.
2
Let j(y) = 0*y**2 + 1 + 1 - 8*y + y**2 + y. Let w be j(8). What is the highest common divisor of 5 and w?
5
Suppose -6*b + 3*b + 108 = 0. Let j be (-8)/10*10/(-4). Let y be (j/(-4))/(1/(-48)). What is the highest common divisor of y and b?
12
Suppose -5*g - 20 = -2*y, -g - 10 = -y - 6*g. Calculate the greatest common divisor of 5 and y.
5
Let z be 4/14 - (-584)/14. Let n be (-1130)/25*15/(-6). Suppose 4*h - n = -g, 3*h - 85 = 5*g - 6. Calculate the greatest common divisor of z and h.
14
Suppose 8*h + 2*u - 38 = 4*h, 0 = -5*h + 4*u + 15. What is the highest common divisor of 63 and h?
7
Let y(g) = g + 4. Let b be y(3). Let d = 567 - 560. What is the highest common divisor of b and d?
7
Let j be (1/(-3))/(2/(-12)). Suppose -20 = -j*w - 3*w. Suppose -r = w*r - 150. What is the greatest common divisor of r and 6?
6
Suppose 1 = 4*d - 3. Let r be ((-2)/(-6))/(d/63). What is the highest common divisor of r and 3?
3
Let s = -11 + 13. Let r be 9/7 + (-12)/42. Calculate the greatest common factor of r and s.
1
Suppose 9 = 5*r - 1. Suppose 0 = -3*b - 4*k + 63, b - 63 = -r*b + 5*k. Let h be 31 - 16 - (2 - 1). Calculate the highest common factor of h and b.
7
Let a(n) = -3*n + 36. Let x be a(7). Calculate the greatest common divisor of x and 135.
15
Let a = 10 - -2. What is the greatest common divisor of a and 24?
12
Let k(n) = -n**2 - n + 8. Let r be k(0). Let c = r - 8. Suppose -3*y - 2*g = -44 - 11, c = y - 3*g. What is the greatest common factor of y and 30?
15
Suppose 0 = 3*t + 3*a - 11 - 49, 52 = 3*t + 5*a. What is the greatest common factor of 192 and t?
24
Suppose 2*q = 6 + 12. What is the greatest common divisor of 72 and q?
9
Let l be ((-5)/2)/5*-6. Suppose -v - 5*n = 4*v - 35, -l*v - 2*n + 18 = 0. Let g be 6 - 2/4*v. Calculate the greatest common factor of g and 12.
4
Let d(b) = 3 - 28*b - 3 + 6 + 2. Let s be d(-6). Calculate the highest common factor of s and 16.
16
Let z(k) = k**3 + 6*k**2 + 5*k + 2. Let v be z(-4). Suppose 0 = 2*t - 3*p - 127, -4*p - 249 = -4*t + p. What is the greatest common factor of t and v?
14
Let m(x) = x**3 - 17*x**2 + 15*x + 20. Let b be m(16). Let w be (-1)/(0 - 1/11). Suppose -b = -f + w. What is the highest common factor of 3 and f?
3
Let l = 287 - 159. What is the greatest common factor of l and 16?
16
Let b(n) = -12*n - 4. Suppose 0 = u + 8 - 3. Let k be b(u). Calculate the highest common divisor of 8 and k.
8
Suppose -d - 14 = -y + 4*y, 0 = -5*d + 4*y - 32. Let v(k) = -k + 7. Let r be v(d). Calculate the greatest common factor of r and 10.
5
Let i be (-3)/(1 - 2) + 80/4. What is the greatest common factor of 161 and i?
23
Suppose -2*v = 5*f - 47, 0*f - 69 = -4*v - 5*f. Calculate the greatest common factor of v and 33.
11
Suppose 9 = p - 4*x, -2*x + 4 = 2*p - 3*x. Calculate the highest common divisor of 9 and p.
1
Suppose -3*d + 247 = 2*g - 333, -4*g = 3*d - 584. Let h(u) = -4*u**3 - u**2 + u - 2. Let z be h(-2). Calculate the greatest common divisor of z and d.
24
Suppose 2*c = 60 + 24. Calculate the greatest common divisor of 6 and c.
6
Suppose 0 = 5*h - 5*j + 140, h + 4*h + 2*j = -112. Let q be (h/(-15))/(3/15). Calculate the greatest common divisor of 8 and q.
8
Suppose 146 = 5*w - 19. Calculate the highest common factor of w and 22.
11
Let l(b) = 4*b**2 + 2*b - 1. Let s be l(-2). Let n be -1*(-3 - 3)*165/10. Calculate the highest common divisor of n and s.
11
Let w(i) = 2*i**2 - 2*i + 1. Let z = -1 + 3. Let s be w(z). What is the highest common factor of 5 and s?
5
Suppose 2*m = -3*m + 40. Let o be (10/m)/((-3)/(-24)). What is the greatest common divisor of o and 30?
10
Suppose 0 = -i + 80 - 24. Calculate the greatest common divisor of 16 and i.
8
Suppose 5*b - 3 - 7 = 0. Let y be 19/2 - 2/(-4). What is the highest common divisor of b and y?
2
Suppose -10 - 10 = 5*o. Let j = o + -2. Let q = 1 - j. Calculate the greatest common factor of 49 and q.
7
Let f be 0/2*(-2)/2. Let x be 15 - (f/3 - 2). Calculate the highest common divisor of 51 and x.
17
Let h = 72 - 63. What is the highest common divisor of 99 and h?
9
Let m = -1102 - -1167. Let i(p) = -p**3 + 6*p**2 + 2*p + 1. Let d be i(6). What is the greatest common divisor of d and m?
13
Let v(a) = -6*a + 5. Let m be v(4). Let d = m - -35. Let k = -13 + 29. Calculate the highest common divisor of k and d.
16
Suppose -4*n - 5*b + 180 = -0*b, 3*n - 128 = -2*b. Calculate the greatest common divisor of n and 60.
20
Suppose 0 = -4*g + 4*n + 24, 3*n + 34 = -0*g + 5*g. Suppose 0 = 3*u - 3*f - 18, u = 3*u - 4*f - 22. What is the greatest common divisor of u and g?
1
Let i be 10 - (12/4 - 4). Suppose 14 = 4*c + z, 0 = 3*c - z - 25 + i. Calculate the highest common factor of 44 and c.
4
Let n be 6*3*20/18. Let o(z) = z**3 + 4*z**2 + z + 4. Let b be o(-4). Suppose 5*p + 334 - 1334 = b. Calculate the highest common divisor of n and p.
20
Let d be (-3*1)/(9/6). Let y be (-51)/d*(-2)/(-3). Calculate the greatest common factor of y and 85.
17
Let r(n) = n - 5. Let f be r(5). Suppose -116 = -5*h - 31. Suppose h = u + 5*d, 4*u + f*u = -d + 49. Calculate the highest common divisor of 12 and u.
12
Let j be 3/3*2/2. Suppose 3*q - 3 = 3. Let z be (-5 - 19)*q/(-6). What is the greatest common divisor of z and j?
1
Suppose 9 + 1 = 5*u. Let x be (-3)/u*(-1 + -7). What is the greatest common divisor of 48 and x?
12
Let x = 3 + -1. Suppose 4*t + 236 = 2*g, 12 - 4 = -x*t. Calculate the highest common factor of 22 and g.
22
Suppose 0 = 2*t + 2*t + 4. Let d = 17 + t. What is the highest common factor of 4 and d?
4
Let b be (0 - -1)/(1/14). Calculate the greatest common divisor of 154 and b.
14
Let x(v) = v**3 - 4*v**2 - v + 8. Let z(k) = -k**2 - 7*k - 2. Let l be z(-6). Let f be x(l). What is the highest common divisor of f and 10?
2
Suppose 3*j + 2*j - 30 = 0. Suppose j*r = 5*y + 3*r - 31, 3*y - 13 = -r. Calculate the greatest common divisor of 10 and y.
5
Let u(i) = 7*i - 3. Let h be u(5). Let j be 1 + (-2 - (21 + -2)). Let x be (-4)/10*(0 + j). Calculate the greatest common divisor of h and x.
8
Suppose 0 = i - 4*i + 51. Let g = 123 + 